ided by l?
6
Let z(j) = -j**3 + 7*j**2 + 38*j - 12. Calculate the remainder when 936 is divided by z(10).
52
Let i(w) = 9 + 14*w**2 - 24*w**2 + 0*w**3 - w**3 - w. Let z be i(-10). Let y = 27 - z. What is the remainder when 54 is divided by y?
6
Let o be (-28)/(2 - 1 - 2). Suppose 39*p = 32*p + 7. Let x = o - p. Calculate the remainder when 107 is divided by x.
26
Suppose -8894 = -6*p - 8858. Calculate the remainder when 1588 is divided by p.
4
Calculate the remainder when 1320 is divided by (1 + -2)*98/(-147)*(-6)/(-4).
0
Let b(h) = -30*h**2 - 242*h + 1. Calculate the remainder when 162 is divided by b(-8).
9
Suppose 0 = -4*q - 3*d + 335, -5*d - 491 = -3*q - 305. Let r = 23 - 15. Calculate the remainder when q is divided by r.
5
Let y = 15 - -66. Suppose -78 = 22*w - 35*w. Calculate the remainder when y is divided by w.
3
Let p(i) = 11*i + 2 - 4*i - 2*i**2 + 4*i**2 + 0. Suppose -4*s - 2 = -2*n, -11*n + 2 = -9*n + 3*s. Calculate the remainder when p(-5) is divided by n.
0
Let i = -394 + 665. Let d = -245 + i. Calculate the remainder when d is divided by 7.
5
Suppose -16 = -111*c + 103*c. Suppose 0 = -4*v - c*g + 256, -262 = -4*v - 7*g + 2*g. What is the remainder when v is divided by 4?
3
Let n(z) = 41 - 6 - 28 + 92 - 2*z - 6. What is the remainder when 87 is divided by n(41)?
10
Let f be 470*(45/(-10) + 5). Suppose f = -10*a + 785. Calculate the remainder when a is divided by 4/(16/(-12)) + 5 + 13.
10
Let n(l) = 33 - 5*l**3 - 39 + 14*l**3 + 5*l**3. Calculate the remainder when n(2) is divided by 18.
16
Let j(n) = 17*n**2 + 5779*n - 17332. Suppose -3*g - 2*g = -35. What is the remainder when j(3) is divided by g?
4
Suppose 3*f = -181*a + 180*a + 85, -4*f - 4*a = -132. Let o(n) = 19*n**3 + 2*n**2 - 2*n - 2. Calculate the remainder when o(2) is divided by f.
24
Suppose b + 5*l - 3299 = 0, -4*b - 3*l - 3505 = -16565. Calculate the remainder when 9782 is divided by b.
5
Let r(l) = l**3 - 13*l**2 + 23*l + 7. Let n be r(11). What is the remainder when 53 is divided by (-38)/(-171) + 230/n + -1?
5
Suppose -965 = -2*f + 7*f. Suppose 8 = 8*c - 72. What is the remainder when (-3)/5 - f/5 is divided by c?
8
Suppose 4*v + 111 = 5*f, -v = 224*f - 225*f + 21. Calculate the remainder when 469 is divided by f.
10
Suppose -q - 2*v = -29, -10*q - 53 = -14*q - v. Calculate the remainder when (6 + 0)/(1/18) is divided by q.
9
Suppose -3*k = 4*p - 395, 5*k + 2*p - 397 = 2*k. Let j = 1063 + -711. Let a = j + -318. What is the remainder when k is divided by a?
31
Let z(v) = -37*v - 68 + 5*v - 3 + 10. Calculate the remainder when 7/2 + (-2)/(-4) is divided by z(-2).
1
What is the remainder when (-270)/(-4)*-32*8/(-80) is divided by (1 - -5)*13/(-390)*-155?
30
Calculate the remainder when 17957 is divided by 4/(-3) - (55 - 57) - 1220/(-15).
81
Let n = -65 + 105. Let q = -12 - -21. Suppose -110 = 4*i - q*i. Calculate the remainder when n is divided by i.
18
Let o = -8546 - -8574. Calculate the remainder when 282 is divided by o.
2
Suppose i - 2*a = 129, -4*i - a - 22 + 511 = 0. What is the remainder when 368 is divided by i?
122
What is the remainder when ((-16)/(-4) - -40)/((-2)/(-4)) is divided by (16/6)/(6*(-5)/(-540))?
40
Let b be -6*127/(-14) + 8/14. Suppose -b = -5*u - 0*p - 5*p, -4*p = -5*u + 37. What is the remainder when 168 is divided by u?
6
Suppose -15021 = 7*s - 12*s + 2*j, -2 = -j. Suppose 20*v = s + 4435. What is the remainder when v is divided by 17?
15
Suppose 10*r = -2106 - 8134. Let w = -700 - r. Suppose 5*m = -89 + w. Calculate the remainder when m is divided by 16.
15
Suppose -3*l + 18 = 2*x, -2*l = -x - 0*x + 9. Let w(d) = -3 + 58*d**2 - x*d - 4*d - 57*d**2. Calculate the remainder when 65 is divided by w(14).
10
Let t(r) = -r**3 + 11*r**2 - 22*r + 10. Suppose 2*v = -2*k + 508, -3*v + 265 = -5*k - 497. What is the remainder when v is divided by t(7)?
46
Suppose 4*d + 273 = 3*f, -5*f = -4*d + 4728 - 5175. Calculate the remainder when f is divided by 3/(-6) - 97/(-2).
39
Suppose -3*n = 2*t + 13 - 57, -3*t + 2*n = -53. What is the remainder when 104 is divided by t?
9
Let i = -119644 + 119659. Let f = -707 + 1124. What is the remainder when f is divided by i?
12
Suppose -915*s = -897*s - 711090. What is the remainder when s is divided by 119?
116
Let n(y) = y**2 + 3*y - 2. Suppose 5*d = 5*j - 115, -597*j - 5*d = -593*j - 155. What is the remainder when n(5) is divided by j?
8
Suppose -7 + 31 = 3*h. Let y(s) be the second derivative of 5*s**3/3 - 8*s**2 - 18*s. Calculate the remainder when y(h) is divided by 11.
9
Suppose 35 = 2*y + 3*y. Let u be 6/10 - ((-728)/20)/1. Let w = 119 - u. Calculate the remainder when w is divided by y.
5
Suppose -p + v + 1307 = 145, -4*v = 5*p - 5819. Calculate the remainder when p is divided by 22.
19
Let f = 119 + -19. Let l = f - 88. Let c = -3 + 10. Calculate the remainder when l is divided by c.
5
Let k(l) = -6*l - 5. Calculate the remainder when 105/63 - 1659/(-9) is divided by k(-9).
39
Let j = -53 - -61. Suppose j - 3 = z. Calculate the remainder when 43 is divided by z.
3
Suppose -10*t = 19 - 69. Suppose 166 = 5*f + u, 0 = 10*f - 7*f + t*u - 82. What is the remainder when 200 is divided by f?
30
Let v = -650489 + 650505. Calculate the remainder when -1 - (-38)/4*20 is divided by v.
13
Suppose 307817 - 44009 = 72*t. Calculate the remainder when t is divided by 1220.
4
Suppose 2035 = 4*j - 5*c, 3*j - 7*j + 2044 = 4*c. What is the remainder when j is divided by 194?
122
Suppose -573*i - 3*j + 8917 = -571*i, 3*i + 2*j = 13378. Calculate the remainder when i is divided by 93.
89
Let a = -63 + 71. Let z(w) = 14*w - 45. What is the remainder when z(a) is divided by 17?
16
Suppose 7 - 4 = 3*m, a - 46 = 3*m. Suppose a*u = 48*u + 11. What is the remainder when 21 is divided by u?
10
Let u(i) = -41*i - 444. Calculate the remainder when 340 is divided by u(-13).
73
Let h(o) = 11*o + 274. Calculate the remainder when 337 is divided by h(-21).
36
Suppose -13*z + 16*z = 99. Suppose d - 1 = -c + z, 2*d - 73 = 3*c. Calculate the remainder when 277 is divided by d.
32
Let y = -368 + 202. Let d = y + 175. Calculate the remainder when 12 is divided by d.
3
Suppose 0 = 4*h + 3*h + 42. Let v(d) = -5*d - 9. Let l be v(h). Let q = -17 + l. What is the remainder when q is divided by 3?
1
Let h(p) be the first derivative of -p**4/4 - 8*p**3 - 47*p**2/2 - 53*p - 72. Calculate the remainder when 61 is divided by h(-22).
9
Let h = 235 + -230. Suppose -6*u + h*u - 11 = 3*x, -x + 11 = 4*u. Calculate the remainder when 47 is divided by u.
3
Let d(m) = 520*m + 2739. Calculate the remainder when d(-5) is divided by (70/(-8))/(2/(-8)).
34
Calculate the remainder when -15 - 210/(-14)*308 is divided by 11.
7
Suppose 3*q + 2*q = 105. Let m = 11267 - 11167. Calculate the remainder when m is divided by q.
16
Suppose -518*t = -677*t + 2385. Let n = 5 - 7. What is the remainder when 60 - (-2 + 3 - n) is divided by t?
12
Let a(x) = 235*x - 2188. Calculate the remainder when a(10) is divided by 10.
2
Suppose 4*j = -5*c + 1139, 0 = c + c + 10. Let t = j - 215. What is the remainder when t is divided by 39?
37
Suppose 3*d = 5*d - 24. Let m = 102 - 57. Let v = m + -24. Calculate the remainder when v is divided by d.
9
Suppose -m - 27846 = -6*q - 0*m, 5*m - 13890 = -3*q. What is the remainder when q is divided by 86?
82
Let j be 1624/35 + -2 + (-8)/(-5). Let m = -7 - 5. Let o = j + m. Calculate the remainder when 65 is divided by o.
31
Suppose 4*x = -f - 4*f + 92, 4*f - 3*x = 55. What is the remainder when 36 is divided by f?
4
Suppose 37*c - 51342 = -92*c. Calculate the remainder when c is divided by 51.
41
Suppose 148 = 2*t + 2*t. Calculate the remainder when 5 - ((-3)/(-24) - (-2379)/(-24)) is divided by t.
30
Suppose 97*z - 9534 = 83*z. Calculate the remainder when z is divided by 223.
12
Let w = 2387 - 1917. Calculate the remainder when w is divided by 119.
113
Suppose 35*u = 32*u + 714. Suppose 5*k + y = u, -5*y + 99 = 5*k - 151. Calculate the remainder when k is divided by 18.
11
Let d(l) be the third derivative of l**6/120 - 13*l**5/60 - 7*l**4/24 - 5*l**3/3 + 71*l**2. What is the remainder when d(14) is divided by 5?
3
Suppose -3*m + 865 = -2*n, -3*n - 1757 = n + 3*m. Let r = -410 - n. What is the remainder when r is divided by (-5 + -1)/(3/(-2))?